{"id":331,"date":"2013-02-05T10:24:13","date_gmt":"2013-02-05T10:24:13","guid":{"rendered":"http:\/\/basenji.ee\/?page_id=331"},"modified":"2016-03-19T19:21:46","modified_gmt":"2016-03-19T17:21:46","slug":"agility-ja-basenji","status":"publish","type":"page","link":"https:\/\/www.basenji.ee\/?page_id=331","title":{"rendered":"Agility ja basenji"},"content":{"rendered":"<p><b>Agility on sportlik ala<\/b>, mille eesm\u00e4rk on arendada koera osavust ja oskust l\u00e4bida erinevaid takistusi m\u00e4\u00e4ratud aja jooksul.\u00a0See on v\u00f5istlus kiiruse, osavuse, s\u00f5nakuulelikkuse ja koost\u00f6\u00f6 peale ning seal\u00a0kasutatakse nii s\u00f5nalisi k\u00e4sklusi kui ka kehakeelt. Agilitys on \u00e4\u00e4rmiselt t\u00e4htsal kohal koerajuhi ja koera koost\u00f6\u00f6 ning teineteisem\u00f5istmine.<\/p>\n<p>V\u00f5istlustel tuleb rada l\u00e4bida kohtuniku poolt m\u00e4\u00e4ratud j\u00e4rjekorras ja j\u00e4\u00e4da m\u00e4\u00e4ratud aja piiridesse. Eesm\u00e4rgiks on rada l\u00e4bida v\u00f5imalikult kiiresti ja veatult.<br \/>\n<img decoding=\"async\" class=\" aligncenter\" src=\"http:\/\/basenji.ee\/wp-content\/uploads\/2013\/02\/agililty-teksti-pilt.jpg\" alt=\"Zula\" \/><\/p>\n<p>Agility sobib peaaegu k\u00f5ikidele t\u00f5u- ja t\u00f5ututele koertele ning nende omanikele. Agilityga v\u00f5ib tegeleda iga\u00fcks, kellel v\u00e4hegi tahtmist. Sportimise teeb kergemaks koost\u00f6\u00f6aldis koer, kuid koost\u00f6\u00f6 looma ja inimese vahel on arendatav. Agility annab hea v\u00f5imaluse \u00f5ppida omanikul oma koeraga suhtlemist ning tugevdada omavahelist sidet. Iga koera, s\u00f5ltumata tema t\u00f5ust, soost v\u00f5i vanusest, on v\u00f5imalik \u00f5petada, samuti ei sea agility piire ei omaniku vanusele ega varasemale treenitusele. Agilitytreeningutega v\u00f5ib alustada peale koera 6-kuuseks saamist, kuid hilja ei ole alustada ka 4-5-aastase koera treenimisega.<\/p>\n<p>Ainukesteks t\u00f5elisteks piiranguteks on koera agressiivne k\u00e4itumine inimeste ja teiste koerte suhtes ning koera k\u00f5rgest east v\u00f5i vigastustest tulenevad terviseprobleemid.<\/p>\n<p>&nbsp;<\/p>\n<p><b>Agility ja basenji :<\/b><\/p>\n<p>Olen oma basenidega n\u00fc\u00fcd pea kolm aastat agilityt harrastanud, \u00a0viimasel poolel aastal oleme ka v\u00f5istelnud ja minu suureks r\u00f5\u00f5muks on meil p\u00e4ris h\u00e4sti l\u00e4inud.<\/p>\n<p>Basenji n\u00e4ol pole tegemist t\u00f5uga, kes kuuluks agilitys tippude hulka, mis aga ei sega \u00a0harrastustasemel sellega tegelemast ja sellest r\u00f5\u00f5mu tundmast.<\/p>\n<p>Kuigi basenji on tavaelus \u00fclikiire ja v\u00e4ga hea man\u00f6\u00f6verdamisv\u00f5imega, siis naljakal kombel \u00a0agilityrajal ta seda v\u00e4ga v\u00e4lja ei n\u00e4ita. Samuti j\u00e4\u00e4b tal tihti puudu r\u00f5\u00f5msameelsest innukusest, mida v\u00f5ib t\u00e4heldada n\u00f6 agility tippt\u00f5ugude juures. \u00a0Ilmselt tuleb see t\u00f5u loomup\u00e4rasest ettevaatlikusest ja ratsionaalsest ellusuhtumisest. Kui aga v\u00e4hegi vaeva n\u00e4ha ja piisavalt koera motiveerida siis v\u00f5ib agilityst kujuneda nii sulle kui su koerale v\u00e4ga r\u00f5\u00f5mu pakkuv harrastus.<\/p>\n<p><b>Basenjiga agility trenni minnes tuleks arvestada j\u00e4rgmiste asjadega:<\/b><\/p>\n<p>&#8211; \u00a0Varu suurtes kogustes r\u00f5\u00f5msat meelt ja kannatust, \u00e4ra heida meelt ka juhul, kui k\u00f5ik teised trennikaaslased on teist \u00a0palju tublimad ja osavamad.<\/p>\n<p>&#8211; \u00a0 Iga\u00fcks \u00f5pib erineva kiirusega.<\/p>\n<p>&#8211; Tunne r\u00f5\u00f5mu ka v\u00e4ikestest edusammudest.<\/p>\n<p>&#8211; \u00a0Premeeri ohtralt oma koera.<\/p>\n<p>&#8211; \u00a0\u00c4ra korda l\u00f5putult \u00fchte harjutust, basenji t\u00fcdineb kiiresti.<\/p>\n<p>&#8211; \u00a0Harjutuse eba\u00f5nnestumisel \u00e4ra s\u00fc\u00fcdista koera, ilmselt olid su signaalid segased v\u00f5i unustasid oma koera \u00f5igel ajal premeerida.<\/p>\n<p>&nbsp;<\/p>\n<p>Eesti \u00a0basenjiomanike seas v\u00e4ga palju agilityhuvilisi veel pole, kuid loodame et see peagi muutub, tegemist on ju v\u00e4ga toreda ja arendava spordiga. Enamikes Eesti suuremates linnades on agilityklubid, mille juures saab selle spordialaga tegeleda.<\/p>\n<p>&nbsp;<\/p>\n<p>Kaks filmil\u00f5iku v\u00f5istluselt:<\/p>\n<p><a href=\"http:\/\/www.youtube.com\/watch?v=yf6TRx5fyJs&amp;list=UUHi9zlRj_9hF6ihjm0WDSKw&amp;index=2&amp;feature=plcp\">Anneli ja Donna<\/a>, <a href=\"https:\/\/www.youtube.com\/watch?v=HFkXD4XwGNU&amp;list=UUh4v_orWvc7bbSBmwFZzdRw&amp;index=30\">Kristi ja Sipsu<\/a><\/p>\n<p>&nbsp;<\/p>\n<p><i>Koostanud Kristi Tilk<\/i><br \/>\n<b>Kasutatud allikad: <\/b><\/p>\n<p>Agility tutvustus. <a href=\"http:\/\/www.agilitypluss.ee\/agilityst\/tutvustus.html\" target=\"_blank\">http:\/\/www.agilitypluss.ee\/agilityst\/tutvustus.html<\/a><\/p>\n<p>P\u00e4rnu agilityklubi. <a href=\"http:\/\/www.parnuagility.net\/index.php?option=com_content&amp;view=article&amp;id=1&amp;Itemid=1\" target=\"_blank\">http:\/\/www.parnuagility.net\/index.php?option=com_content&amp;view=article&amp;id=1&amp;Itemid=1<\/a><\/p>\n<p>Tako: tarkade koerte klubi. <a href=\"http:\/\/www.tako.ee\/\" target=\"_blank\">http:\/\/www.tako.ee\/<\/a><\/p>\n<p>&nbsp;<\/p>\n<p>&nbsp;<\/p>\n","protected":false},"excerpt":{"rendered":"<p>Agility on sportlik ala, mille eesm\u00e4rk on arendada koera osavust ja oskust l\u00e4bida erinevaid takistusi m\u00e4\u00e4ratud aja jooksul.\u00a0See on v\u00f5istlus kiiruse, osavuse, s\u00f5nakuulelikkuse ja koost\u00f6\u00f6 peale ning seal\u00a0kasutatakse nii s\u00f5nalisi k\u00e4sklusi kui ka kehakeelt. Agilitys on \u00e4\u00e4rmiselt t\u00e4htsal kohal koerajuhi &hellip; <a class=\"kt-excerpt-readmore\" href=\"https:\/\/www.basenji.ee\/?page_id=331\" aria-label=\"Agility ja basenji\">Read More<\/a><\/p>\n","protected":false},"author":1,"featured_media":0,"parent":101,"menu_order":1,"comment_status":"closed","ping_status":"open","template":"","meta":{"footnotes":""},"class_list":["post-331","page","type-page","status-publish","hentry"],"_links":{"self":[{"href":"https:\/\/www.basenji.ee\/index.php?rest_route=\/wp\/v2\/pages\/331","targetHints":{"allow":["GET"]}}],"collection":[{"href":"https:\/\/www.basenji.ee\/index.php?rest_route=\/wp\/v2\/pages"}],"about":[{"href":"https:\/\/www.basenji.ee\/index.php?rest_route=\/wp\/v2\/types\/page"}],"author":[{"embeddable":true,"href":"https:\/\/www.basenji.ee\/index.php?rest_route=\/wp\/v2\/users\/1"}],"replies":[{"embeddable":true,"href":"https:\/\/www.basenji.ee\/index.php?rest_route=%2Fwp%2Fv2%2Fcomments&post=331"}],"version-history":[{"count":5,"href":"https:\/\/www.basenji.ee\/index.php?rest_route=\/wp\/v2\/pages\/331\/revisions"}],"predecessor-version":[{"id":1209,"href":"https:\/\/www.basenji.ee\/index.php?rest_route=\/wp\/v2\/pages\/331\/revisions\/1209"}],"up":[{"embeddable":true,"href":"https:\/\/www.basenji.ee\/index.php?rest_route=\/wp\/v2\/pages\/101"}],"wp:attachment":[{"href":"https:\/\/www.basenji.ee\/index.php?rest_route=%2Fwp%2Fv2%2Fmedia&parent=331"}],"curies":[{"name":"wp","href":"https:\/\/api.w.org\/{rel}","templated":true}]}}